 d + 2. Let l be m(-7). Let p(r) = -7*r**3 - r**2 - r. Let o be p(l). Suppose -2*q - 395 = 4*g - 1081, 5*g + 2*q - o = 0. Is g composite?
True
Let w(q) be the third derivative of 17*q**7/5040 + q**6/720 - q**5/30 - 8*q**2. Let p(h) be the third derivative of w(h). Is p(12) a composite number?
True
Suppose -10*b + 67*b - 1676427 = 0. Is b a composite number?
False
Let a(z) = -z**2 - 6*z - 1. Let b be a(-4). Is b/28 - 1785/(-12) a prime number?
True
Suppose 0 = 4*p - 12, 7 = 5*h - 4*p + 4. Let a be 2*h*2/(-3). Is 8/a - -2 - -53 a prime number?
True
Let z(j) = -j - 1. Let y(l) = -18*l**2 + 3*l - 32. Let m(h) = -y(h) + 3*z(h). Is m(5) a prime number?
True
Let i = -1118 - -4179. Is i composite?
False
Suppose 0 = i - 0*i - 275. Let m = -251 - -255. Suppose -w + i = m*w. Is w a prime number?
False
Suppose -1 = 2*c - 7. Let m(j) = 9*j**2 - 3*j - 7. Let a be m(5). Suppose -4*l = 3*u - 1528, 3*l + c*u - a = 946. Is l a prime number?
True
Let k = 17 - 9. Let i be -3 - k/(-1 + -1). Is 4 + (i - 5) + 1099 composite?
True
Suppose 0 = 8*r - 932 - 84. Let s = r - 62. Is s prime?
False
Let r = 257858 + -72063. Is r prime?
False
Suppose 5*m + 2*v - 6810 - 9519 = 0, -2*m + 6526 = -2*v. Is m prime?
False
Let j = 31564 + -18391. Is j a composite number?
True
Let o(z) = z**3 + 16*z**2 + 16*z + 13. Let q be o(-15). Is (2/(-8)*q)/(3/9714) prime?
True
Suppose -2*v + 3*g + 16 = 2*g, -5*v + 27 = 4*g. Let a = 12 - v. Is 6/10 + 1262/a prime?
False
Suppose 0 = 6*t - 7*t - 13. Let d(g) = g**3 + 20*g**2 + 8*g - 18. Is d(t) a composite number?
False
Let k = -41 - -37. Is ((3245/k)/5)/(1/(-4)) a composite number?
True
Let z be (-2)/4 + 11/(-2). Let k(y) = -11*y**2 + 1 - 14*y**2 + 0 + 26*y**2. Is k(z) prime?
True
Suppose -9*j + 15 = -4*j. Suppose 3*h - 9 = 0, 2*h = -5*p - j*h + 725. Is p composite?
True
Suppose 258 + 15 = 3*i. Let t = 345 - i. Suppose 2*n - t = -0*n. Is n a composite number?
False
Suppose 5 = i + 13. Let m(b) = -335*b - 23. Is m(i) composite?
False
Let g be (-95)/(-7) + 27/63. Suppose 655 = -9*z + g*z. Is z a composite number?
False
Let k(g) = 3*g**3 - 2*g**2 - g. Let c be k(-1). Is (-6)/(650/163 + c) a prime number?
False
Let d be (6/(-9))/(4/6). Let b be ((-4 - -3) + 1)*1. Is -445*(-2 + (b - d)) a composite number?
True
Suppose -3*y + 3*d - 219 = -0*y, 0 = 5*y + 2*d + 330. Let t = 34 + y. Is (149/(-2))/(17/t) composite?
False
Is (94 + -95)*(-1)/(-1)*-13829 a prime number?
True
Let g = 67 + -63. Let d = 962 + -659. Let o = g + d. Is o a prime number?
True
Let z(g) = -1323*g + 65. Is z(-16) prime?
False
Let z(a) = -4*a**2 + 5*a + 12. Let x(c) = 9*c**2 - 11*c - 25. Let l(t) = 6*x(t) + 13*z(t). Is l(7) prime?
True
Let p(i) = 20*i**2 + 1 + 7 - 19*i**2 + 3 - 9*i. Let b be p(8). Is -3*((-80)/6 + b) a composite number?
False
Let m be (-3)/((-12)/3896) - 2. Suppose 3*i - 5601 = -m. Is i prime?
True
Suppose 3*o + 15 = 0, j + 7*o - 2*o + 17 = 0. Suppose j*p - 448 - 1584 = 0. Is p prime?
False
Is 458175/125 - (0 + (-2)/(-5)) composite?
True
Let g = 6 + -4. Let w be -5651 - g - (4 + -1). Is (-2)/6 + w/(-12) prime?
False
Is 6*(11 - -827) + -1 composite?
True
Suppose -5*w + w + 840 = 0. Suppose 4*o - w = -2*o. Is o a prime number?
False
Is 30868 + (30/36 - (-2)/12) composite?
False
Let f = -434 - -307. Let x(u) = 53*u + 6. Let v be x(-4). Let m = f - v. Is m composite?
False
Let q(o) = -4*o + 17. Let t be q(6). Let h = t - -134. Is h a composite number?
False
Let k be (-21658)/(-35) + (4/5)/(-1). Suppose k - 22 = 4*o. Is o prime?
True
Suppose -5*h + 2*h = 0. Suppose -q + 38 + 84 = h. Let w = q + -33. Is w a composite number?
False
Let l(t) = 60*t**2 + 6*t - 3. Let q be l(4). Let v = 88 + q. Is v prime?
True
Let f(b) = 1556*b**2 - 1. Let x be f(1). Suppose 0*z + x = 5*z. Is z a prime number?
True
Let v(l) = 9*l**2 + 6*l + 2*l**3 - 127 - l**3 + 113. Let k be v(-8). Suppose 2*f - 7*f = 3*u - 160, -f + 109 = k*u. Is u a prime number?
False
Let n(f) = 127*f - 87. Let a(s) = -85*s + 58. Let b(l) = 7*a(l) + 5*n(l). Is b(11) a prime number?
False
Let f = -6 - 3. Let h be ((-69)/f)/(1/15). Suppose h + 12 = b. Is b a prime number?
True
Suppose 2 = 3*p - 13. Suppose p*b + 356 = 3*a, 4*a - 2*b - 413 = 85. Is a composite?
False
Suppose -2355 = -j - 2*j. Let y = 1372 - j. Is y a prime number?
True
Suppose 4*z = -0*z - 4*l - 924, 3*z - 4*l = -665. Suppose 0 = -5*q - 112 - 388. Let o = q - z. Is o a prime number?
True
Let t = -9899 - -14100. Is t composite?
False
Is (120985/15 + -1)/(4/6) a prime number?
True
Let t = 18 + -8. Let h(k) = t*k**2 + 6*k**2 + 2*k - 2 + 3*k**2 - 4*k**2. Is h(-3) a composite number?
False
Let m = 172 + 1165. Is m composite?
True
Let t(q) = -q**3 - q**2 - 4*q - 2. Let o be t(-3). Suppose 0 = d + 10 + o. Is (1 - 0)*-1 - d composite?
False
Let p(v) = -v**3 + 15*v**2 - 13*v - 2. Let q be (-2)/11 - 861/(-77). Is p(q) a composite number?
True
Let m(h) = -14*h - 27. Suppose -4*i + 3*t - 25 = 0, -3*t - 35 = 3*i - 2*t. Is m(i) a prime number?
True
Is ((-288056)/40 + -6)*-5 a prime number?
True
Let q be 3/2*8/6. Let h = 50 + -1. Suppose 0 = -q*z - 3 + h. Is z a prime number?
True
Let t be 0/1 + 93 + -1. Suppose -c = -t - 162. Is c a prime number?
False
Let n(b) = -b - 1. Suppose 0 = -c + 2, 4*y - 4*c + 2 + 10 = 0. Let f be n(y). Suppose f*p + 11 = g + p, 5*p + 35 = 4*g. Is g a composite number?
True
Is (8/((-24)/(-249)))/((-1)/(-11)) prime?
False
Let k(r) = 9*r**2 + 5. Let b be (-6)/4*24/9. Is k(b) a prime number?
True
Let m(k) = 2574*k + 85. Is m(11) a prime number?
False
Suppose 2*t - o = -12048, 2*o = 5*t - o + 30120. Is (t/(-36))/((-2)/(-3)) prime?
True
Suppose -3*t + 2598 = 2*u - 118, -5*t + 5434 = 4*u. Is u composite?
False
Suppose 891*c - 87050 = 881*c. Is c composite?
True
Let x(f) = -f**2 + 2*f + 4. Let l be x(2). Suppose -k = -l*k. Suppose -3*a = -3*q + 921, -5*q - 4*a + 2340 - 805 = k. Is q a composite number?
False
Suppose 2*b - 8 = -4*g + b, g - 11 = 2*b. Suppose 0 = 3*k + d - 0*d - 992, 982 = g*k - d. Is k a prime number?
False
Is (-5 + (-5304)/42)*-7 prime?
True
Suppose 12*d - 5925 = 7*d. Suppose 2*w - 5099 + d = 0. Is w composite?
True
Is (-1 + -1)/(76/(-1684426)) a prime number?
False
Let f(n) = -19*n**3 + 2*n + 2. Let p be f(-1). Suppose 22*o - p*o = 2715. Is o composite?
True
Is ((-46)/3 + -8)*(-3)/2 composite?
True
Let g(p) = -p**2 - 8*p + 3. Let a be g(-8). Suppose 7*r - 20 = a*r. Suppose 0 = -5*x - r, x = -y + 51 + 417. Is y a prime number?
False
Suppose 0 = 9*j - 37255 - 34448. Is j prime?
False
Let i be 2/(-6)*1*-147. Let y = i - 21. Is 24829/y - 1/(-4) a prime number?
True
Let x be (696/5)/(6/(-30)). Let u = 315 + x. Is u/(-2 + 4 + -5) composite?
False
Suppose 5*q + 576 = 5*t - 2564, 1 = q. Let g = 1072 - t. Is g a composite number?
False
Let s = -4 - -7. Suppose 1004 + 217 = s*p. Is p a prime number?
False
Let n = 3193 - -406. Is n a composite number?
True
Is ((-1199716)/(-14))/(0 + 2) a composite number?
True
Let x = -129 + 131. Suppose -x*j + 8*j - 3522 = 0. Is j a composite number?
False
Suppose 21 = -4*u + 1. Let g be ((-231)/(-22) - 10)/(1/(-3330)). Is -2 + 0 + g/u prime?
True
Let a = 25 + 9. Suppose -b + a = -23. Is b prime?
False
Suppose -3*h - 15 = 0, -8*x + 10*x - 1557 = -5*h. Suppose z + 1 = 3. Suppose -5*y - z*j + x = -300, 0 = 4*j - 12. Is y prime?
False
Let d be (5 - -3)*4/8. Let v be (1/(-2))/(d/64). Let z(r) = -11*r + 1. Is z(v) a prime number?
True
Let d(u) = 39*u - 11. Let h(g) = -g. Let v(c) = -d(c) + 4*h(c). Is v(-21) a composite number?
True
Suppose 3*p - 10351 - 1640 = 5*b, 5*p - 19985 = -b. Is p composite?
True
Suppose 4*i = 6 - 14. Let q be 0 - (-3 - (-4 - i)). Is 35 - 0/(q - 2) prime?
False
Let p(v) = 218*v + 18. Let x(d) = 216*d + 19. Let b(w) = -4*p(w) + 3*x(w). Is b(-11) a composite number?
True
Let x(k) = -k**3 - 12*k**2 - k - 14. Let s be x(-12). Is (-15)/20*1384/s a composite number?
True
Let y be 210/98 + 2/(-14). Let i(q) = -q**3 + y*q + 1 + 13*q**2 + 3 - 1 + 4*q. Is i(9) prime?
False
Suppose 21*m + 25 = 26*m. Suppose m*o + 2*n - 4533 = 0, -3*o + 3633 = o - 5*n. Is o composite?
False
Let b(w) = 165*w - 347. Is b(8) a composite number?
True
Let u be (-5 + 1)/(6/(-243)). Let p = -628 - u. Is (p/40)/((-2)/8) a composite number?
False
Let s = -9825 - -17080. Is s a prime number?
False
Let b be -606*-3*(-20)/(-36). S